 r(7)?
-10
Let y(t) = -t**3 - 2*t**2 + 26*t + 12. Give y(-6).
0
Let d(t) = t**3 - 277*t**2 + 18802*t + 6. Determine d(158).
6
Let n(b) = -56*b + 2297. Determine n(41).
1
Let h(j) = -4*j**3 + 164*j**2 - 160*j + 4. Calculate h(40).
4
Let o(l) = -l**3 - 39*l**2 + 32*l - 71. What is o(-40)?
249
Let x(u) = -41*u - 348. What is x(-12)?
144
Let y(x) = 4*x**3 - 2*x**2 + 559*x - 1119. Give y(2).
23
Let y(h) = -h**2 - 7*h + 7291. What is y(-89)?
-7
Let x(h) = 4*h**3 + 62*h**2 - 22*h - 8. What is x(-16)?
-168
Let u(s) = -164*s + 946. Determine u(7).
-202
Let q(h) = 180*h - 1781. What is q(10)?
19
Let c(w) = 11*w + 449. Calculate c(-35).
64
Let t(i) = 77*i + 322. Determine t(-4).
14
Let z(v) = -11232*v - 89812. Give z(-8).
44
Let f(x) = -2*x**2 - 18*x + 59. Give f(7).
-165
Let s(r) = r**3 + 11*r**2 - 9*r - 12. Calculate s(-6).
222
Let a(c) = -c**3 - 8*c**2 - 15*c + 44. Give a(-5).
44
Let u(m) = 1409*m + 8394. Determine u(-6).
-60
Let o(s) = -s**2 + 17*s + 110. Give o(23).
-28
Let h(z) = z**3 - 9*z**2 + 31*z - 66. What is h(6)?
12
Let c(s) = -2*s**3 - 8*s**2 + 24*s + 123. Give c(-4).
27
Let w(l) = 4*l**2 - 98*l + 596. Determine w(12).
-4
Let v(a) = -a**3 - 10*a**2 + 34*a - 15. Calculate v(-12).
-135
Let v(t) = -6*t**3 - 2*t**2 + t + 6. Determine v(3).
-171
Let y(b) = -b**3 + 19*b**2 - 6*b + 110. Calculate y(19).
-4
Let o(i) = i**2 + 29*i + 150. What is o(-14)?
-60
Let f(i) = -i**3 - 14*i**2 + 4*i + 58. Calculate f(-8).
-358
Let g(m) = -m**3 + 5*m**2 + 35*m + 18. Determine g(9).
9
Let x(m) = -m**3 - 97*m**2 - 633*m - 278. Determine x(-90).
-8
Let m(p) = 2310*p - 27712. What is m(12)?
8
Let p(i) = -i**3 - 29*i**2 - 24*i + 735. Calculate p(-27).
-75
Let f(i) = i**3 + 10*i**2 + 10*i + 12. Give f(-4).
68
Let z(v) = 2*v**2 + 17*v - 27. What is z(-10)?
3
Let v(x) = x**2 - 212*x + 2228. What is v(11)?
17
Let g(c) = c**3 + 38*c**2 + 72*c + 7. Calculate g(-36).
7
Let l(d) = -2*d**3 - 8*d**2 + 8*d + 21. What is l(-4)?
-11
Let x(u) = -u**3 - 189*u**2 + 9164*u + 921. What is x(-229)?
5
Let w(v) = 446*v + 30333. Calculate w(-68).
5
Let f(c) = 37*c**3 - 2*c**2 + 26*c - 52. What is f(2)?
288
Let l(f) = -11*f**2 - 38*f + 94. Calculate l(-5).
9
Let f(k) = 62*k - 4746. Give f(76).
-34
Let v(h) = 29*h**2 + 67*h - 25. Give v(-5).
365
Let o(w) = w**2 + 78*w + 1408. What is o(-50)?
8
Let u(j) = -2*j**2 - 3*j - 4. Calculate u(0).
-4
Let n(i) = -45*i**2 + 20*i + 13. Give n(-3).
-452
Let p(s) = 31*s - 505. Calculate p(12).
-133
Let l(t) = 30*t + 113. Calculate l(8).
353
Let k(f) = -f**2 + 19*f - 14. Give k(21).
-56
Let w(b) = -30*b**2 + 743*b + 191. Determine w(25).
16
Let t(v) = -4*v - 30. Calculate t(-7).
-2
Let r(p) = p**2 + 645*p + 3206. Give r(-5).
6
Let j(l) = -39*l**2 + 309*l - 41. Give j(8).
-65
Let v(t) = 68*t + 5173. Determine v(-71).
345
Let a(p) = -7*p**2 - 112*p + 26. Calculate a(-16).
26
Let y(x) = 73*x - 318. What is y(5)?
47
Let f(c) = c**2 + 39*c - 57. Calculate f(-41).
25
Let i(l) = 2*l**2 + 8*l + 21. Calculate i(-4).
21
Let w(j) = -237*j - 2379. Determine w(-10).
-9
Let t(c) = 950*c - 1905. What is t(2)?
-5
Let n(y) = 13107*y + 39341. What is n(-3)?
20
Let h(d) = -69*d + 14359. Give h(208).
7
Let o(f) = -3*f**2 + 56*f + 163. Calculate o(21).
16
Let k(h) = 2107*h + 162238. Calculate k(-77).
-1
Let a(l) = 74*l - 447. Give a(6).
-3
Let z(m) = 9*m**2 - 172*m + 713. What is z(6)?
5
Let a(k) = -1963*k + 27530. What is a(14)?
48
Let f(m) = -m**3 - 60*m**2 + 76*m + 903. What is f(-61)?
-12
Let c(o) = 2*o**2 + 101*o - 722. Calculate c(7).
83
Let h(a) = -2*a**3 + 20*a**2 - 12*a + 13. Determine h(6).
229
Let k(m) = 3*m**2 - 32*m - 336. Determine k(-7).
35
Let t(z) = 482*z - 2407. Give t(5).
3
Let d(m) = -4*m**3 + 42*m**2 - 20*m + 16. Calculate d(10).
16
Let u(c) = -161*c + 4834. What is u(27)?
487
Let g(h) = -22*h**2 - 125*h - 36. Determine g(-6).
-78
Let y(g) = -g**3 + 6*g**2 - 24*g + 79. What is y(7)?
-138
Let h(r) = -r**3 + 30*r**2 - 59*r + 75. Calculate h(28).
-9
Let c(a) = -50*a + 287. Determine c(4).
87
Let h(t) = -t**2 - 137*t + 403. Calculate h(3).
-17
Let q(z) = 174*z**2 + 687*z + 9. What is q(-4)?
45
Let a(b) = b**3 - 21*b**2 + 8*b - 647. What is a(22)?
13
Let q(o) = -o**3 + 39*o**2 - 134*o - 209. Determine q(35).
1
Let b(l) = 113*l - 440. Determine b(4).
12
Let t(r) = -r**3 - 3*r**2 + 55*r - 23. Determine t(-10).
127
Let v(r) = -r**3 - 53*r**2 - 10*r - 365. Calculate v(-53).
165
Let n(s) = -s**3 + 2*s**2 + 45*s + 9. Calculate n(8).
-15
Let f(a) = 240*a - 1685. Give f(7).
-5
Let x(w) = w**3 + 6*w**2 + 4*w + 48. Give x(-7).
-29
Let v(o) = -2*o**2 + 240*o - 1338. Give v(6).
30
Let a(k) = 20*k - 593. What is a(30)?
7
Let z(k) = -k**3 - 8*k**2 - 2*k + 14. Give z(-8).
30
Let w(l) = 88*l + 1265. Give w(-17).
-231
Let m(i) = -4*i**2 - 59*i + 47. What is m(-16)?
-33
Let q(o) = 19*o + 1999. Calculate q(-68).
707
Let p(g) = -3*g**3 + 74*g**2 + 29*g - 102. What is p(25)?
-2
Let h(t) = 53*t - 4198. Determine h(80).
42
Let q(i) = -67*i + 12. Determine q(-1).
79
Let x(q) = q**2 - 171*q - 706. Determine x(-4).
-6
Let i(m) = 10*m**3 + 9*m**2 + 30*m + 3. Calculate i(-3).
-276
Let k(l) = 12*l + 286. What is k(0)?
286
Let s(h) = h**2 + 28*h + 41. What is s(-29)?
70
Let i(q) = -q**3 + 76*q**2 - 142*q - 443. Calculate i(74).
1
Let p(c) = 10*c - 163. What is p(16)?
-3
Let f(y) = 72*y**2 - 20306*y + 566. Calculate f(282).
2
Let l(p) = -183*p**3 - 4*p**2 + 8*p - 4. Give l(1).
-183
Let f(d) = -d**3 + 14*d**2 + 54*d - 56. What is f(17)?
-5
Let c(j) = -2*j**3 + 4*j**2 - 23*j + 180. Give c(6).
-246
Let i(x) = 2*x**2 + 62*x + 88. Determine i(-20).
-352
Let d(i) = -2*i**3 + 10*i**2 + 5*i - 7. Calculate d(4).
45
Let a(f) = -2*f**3 + 21*f**2 + 27*f - 12. What is a(11)?
164
Let n(h) = -53*h**3 - 34*h**2 - 36*h - 1. Calculate n(-1).
54
Let w(g) = g**2 + 32*g + 17. What is w(-44)?
545
Let v(c) = -c**2 - 200*c - 9743. What is v(-116)?
1
Let b(a) = a**2 + 195*a - 14364. Determine b(-252).
0
Let y(h) = 9*h + 327. What is y(-67)?
-276
Let m(a) = 158*a**2 - 305*a - 14. What is m(2)?
8
Let l(w) = 10*w**3 + 2*w**2 - 20*w - 20. Calculate l(-1).
-8
Let v(j) = -2*j**3 + j**2 + 50*j + 194. What is v(-4)?
138
Let p(v) = 3*v**3 - v - 35. Determine p(5).
335
Let t(q) = -302*q + 654. Determine t(2).
50
Let n(i) = 11*i - 272. What is n(17)?
-85
Let a(s) = -s**2 - 25*s + 256. Give a(11).
-140
Let a(g) = 2*g**3 - 185*g**2 - 92*g - 97. Give a(93).
-4
Let p(d) = -2*d**3 - 9*d**2 + 11*d + 27. What is p(-7)?
195
Let p(q) = 5*q**3 + 190*q**2 - 15*q - 574. What is p(-38)?
-4
Let f(y) = -22*y**2 + 35*y - 118. Calculate f(3).
-211
Let g(w) = 33*w**2 - 90*w - 79. Determine g(3).
-52
Let h(c) = -c**2 - 7*c + 25. Determine h(-11).
-19
Let f(q) = -42385*q + 254316. Calculate f(6).
6
Let w(v) = -190*v - 952. Give w(-6).
188
Let s(p) = 20*p + 1129. Calculate s(-62).
-111
Let i(s) = 2*s**3 + 3*s**2 - 7*s - 14. Give i(-3).
-20
Let r(o) = -o**3 - 15*o**2 + 17*o + 34. What is r(2)?
0
Let y(s) = -s**2 - 96*s - 1959. What is y(-22)?
-331
Let z(q) = q**3 - 27*q**2 + 163*q - 2803. Give z(25).
22
Let p(b) = 2081*b + 14510. Calculate p(-7).
-57
Let g(x) = -x**2 + 55*x - 708. Give g(19).
-24
Let y(q) = 2*q**2 + 34*q + 165. Determine y(-6).
33
Let c(k) = 12*k - 40. Determine c(-19).
-268
Let p(n) = 29*n - 472. Determine p(14).
-66
Let a(q) = -q**2 - 37*q + 64. Give a(-40).
-56
Let m(d) = -68*d**2 - 14*d + 1. Give m(1).
-81
Let z(b) = -2*b**2 + 3*b + 96. What is z(-6)?
6
Let p(f) = -2*f**2 - 33*f - 13. What is p(-13)?
78
Let b(r) = -18*r + 6. Give b(0).
6
Let t(i) = -i**3 + 42*i**2 - 27*i + 1118. Calculate t(42).
-16
Let r(z) = 45*z - 1802. Give r(40).
-2
Let r(q) = -115*q**2 + 838*q - 10. What is r(7)?
221
Let d(q) = 28658*q + 200598. Determine d(-7).
-8
Let g(d) = 47*d + 612. What is g(-13)?
1
Let c(p) = p**3 + 7*p**2 + 13*p + 38. What is c(-6)?
-4
Let v(s) = 2*s**3 - 100*s**2 - 96*s - 55. Calculate v(51).
251
Let m(p) = p**2 - 87*p + 633. What is m(8)?
1
Let c(y) = 46*y + 3225. Give c(-67).
143
Let v(w) = w**2 + 3*w - 91. Give v(-12).
17
Let g(d) = 36*d + 133. Determine g(-3).
25
Let n(v) = 1019*v - 10232. Calculate n(10).
-42
Let j(x) = x**3 + 39*x**2 + 32*x - 43. Give j(-38).
185
Let g(j) = -816*j + 16317. Give g(20).
-3
Let a(t) = -14*t + 340. Calculate a(35).
-150
Let q(x) = x**2 + 20*x + 24. Give q(-11).
-75
Let q(d) = -d**3 - 33